{"id":153,"date":"2022-02-26T17:07:50","date_gmt":"2022-02-26T16:07:50","guid":{"rendered":"http:\/\/samozycieijuz.pl\/?page_id=153"},"modified":"2022-03-03T20:29:14","modified_gmt":"2022-03-03T19:29:14","slug":"newsletter","status":"publish","type":"page","link":"https:\/\/samozycieijuz.pl\/?page_id=153","title":{"rendered":"Newsletter"},"content":{"rendered":"<div class=\"tnp tnp-subscription \">\n<form method=\"post\" action=\"https:\/\/samozycieijuz.pl\/wp-admin\/admin-ajax.php?action=tnp&amp;na=s\">\n<input type=\"hidden\" name=\"nlang\" value=\"\">\n<div class=\"tnp-field tnp-field-email\"><label for=\"tnp-1\">Email<\/label>\n<input class=\"tnp-email\" type=\"email\" name=\"ne\" id=\"tnp-1\" value=\"\" placeholder=\"\" required><\/div>\n<div class=\"tnp-field tnp-field-button\" style=\"text-align: left\"><input class=\"tnp-submit\" type=\"submit\" value=\"Subskrybuj\" style=\"\">\n<\/div>\n<\/form>\n<\/div>\n\n","protected":false},"excerpt":{"rendered":"","protected":false},"author":2,"featured_media":0,"parent":0,"menu_order":6,"comment_status":"closed","ping_status":"closed","template":"","meta":{"footnotes":""},"class_list":["post-153","page","type-page","status-publish","hentry"],"yoast_head":"<!-- This site is optimized with the Yoast SEO plugin v27.3 - https:\/\/yoast.com\/product\/yoast-seo-wordpress\/ -->\n<title>Newsletter - Samo \u017cycie i ju\u017c!<\/title>\n<meta name=\"robots\" content=\"index, follow, max-snippet:-1, max-image-preview:large, max-video-preview:-1\" \/>\n<link rel=\"canonical\" href=\"https:\/\/samozycieijuz.pl\/?page_id=153\" \/>\n<meta property=\"og:locale\" content=\"pl_PL\" \/>\n<meta property=\"og:type\" content=\"article\" \/>\n<meta property=\"og:title\" content=\"Newsletter - Samo \u017cycie i ju\u017c!\" \/>\n<meta property=\"og:url\" content=\"https:\/\/samozycieijuz.pl\/?page_id=153\" \/>\n<meta property=\"og:site_name\" content=\"Samo \u017cycie i ju\u017c!\" \/>\n<meta property=\"article:modified_time\" content=\"2022-03-03T19:29:14+00:00\" \/>\n<meta name=\"twitter:card\" content=\"summary_large_image\" \/>\n<script type=\"application\/ld+json\" class=\"yoast-schema-graph\">{\"@context\":\"https:\\\/\\\/schema.org\",\"@graph\":[{\"@type\":\"WebPage\",\"@id\":\"https:\\\/\\\/samozycieijuz.pl\\\/?page_id=153\",\"url\":\"https:\\\/\\\/samozycieijuz.pl\\\/?page_id=153\",\"name\":\"Newsletter - Samo \u017cycie i ju\u017c!\",\"isPartOf\":{\"@id\":\"https:\\\/\\\/samozycieijuz.pl\\\/#website\"},\"datePublished\":\"2022-02-26T16:07:50+00:00\",\"dateModified\":\"2022-03-03T19:29:14+00:00\",\"breadcrumb\":{\"@id\":\"https:\\\/\\\/samozycieijuz.pl\\\/?page_id=153#breadcrumb\"},\"inLanguage\":\"pl-PL\",\"potentialAction\":[{\"@type\":\"ReadAction\",\"target\":[\"https:\\\/\\\/samozycieijuz.pl\\\/?page_id=153\"]}]},{\"@type\":\"BreadcrumbList\",\"@id\":\"https:\\\/\\\/samozycieijuz.pl\\\/?page_id=153#breadcrumb\",\"itemListElement\":[{\"@type\":\"ListItem\",\"position\":1,\"name\":\"Home\",\"item\":\"https:\\\/\\\/samozycieijuz.pl\\\/\"},{\"@type\":\"ListItem\",\"position\":2,\"name\":\"Newsletter\"}]},{\"@type\":\"WebSite\",\"@id\":\"https:\\\/\\\/samozycieijuz.pl\\\/#website\",\"url\":\"https:\\\/\\\/samozycieijuz.pl\\\/\",\"name\":\"Samo \u017cycie i ju\u017c!\",\"description\":\"Marek Pietrzykowski: przygody, podr\u00f3\u017ce...i nie tylko  \",\"potentialAction\":[{\"@type\":\"SearchAction\",\"target\":{\"@type\":\"EntryPoint\",\"urlTemplate\":\"https:\\\/\\\/samozycieijuz.pl\\\/?s={search_term_string}\"},\"query-input\":{\"@type\":\"PropertyValueSpecification\",\"valueRequired\":true,\"valueName\":\"search_term_string\"}}],\"inLanguage\":\"pl-PL\"}]}<\/script>\n<!-- \/ Yoast SEO plugin. -->","yoast_head_json":{"title":"Newsletter - Samo \u017cycie i ju\u017c!","robots":{"index":"index","follow":"follow","max-snippet":"max-snippet:-1","max-image-preview":"max-image-preview:large","max-video-preview":"max-video-preview:-1"},"canonical":"https:\/\/samozycieijuz.pl\/?page_id=153","og_locale":"pl_PL","og_type":"article","og_title":"Newsletter - Samo \u017cycie i ju\u017c!","og_url":"https:\/\/samozycieijuz.pl\/?page_id=153","og_site_name":"Samo \u017cycie i ju\u017c!","article_modified_time":"2022-03-03T19:29:14+00:00","twitter_card":"summary_large_image","schema":{"@context":"https:\/\/schema.org","@graph":[{"@type":"WebPage","@id":"https:\/\/samozycieijuz.pl\/?page_id=153","url":"https:\/\/samozycieijuz.pl\/?page_id=153","name":"Newsletter - Samo \u017cycie i ju\u017c!","isPartOf":{"@id":"https:\/\/samozycieijuz.pl\/#website"},"datePublished":"2022-02-26T16:07:50+00:00","dateModified":"2022-03-03T19:29:14+00:00","breadcrumb":{"@id":"https:\/\/samozycieijuz.pl\/?page_id=153#breadcrumb"},"inLanguage":"pl-PL","potentialAction":[{"@type":"ReadAction","target":["https:\/\/samozycieijuz.pl\/?page_id=153"]}]},{"@type":"BreadcrumbList","@id":"https:\/\/samozycieijuz.pl\/?page_id=153#breadcrumb","itemListElement":[{"@type":"ListItem","position":1,"name":"Home","item":"https:\/\/samozycieijuz.pl\/"},{"@type":"ListItem","position":2,"name":"Newsletter"}]},{"@type":"WebSite","@id":"https:\/\/samozycieijuz.pl\/#website","url":"https:\/\/samozycieijuz.pl\/","name":"Samo \u017cycie i ju\u017c!","description":"Marek Pietrzykowski: przygody, podr\u00f3\u017ce...i nie tylko  ","potentialAction":[{"@type":"SearchAction","target":{"@type":"EntryPoint","urlTemplate":"https:\/\/samozycieijuz.pl\/?s={search_term_string}"},"query-input":{"@type":"PropertyValueSpecification","valueRequired":true,"valueName":"search_term_string"}}],"inLanguage":"pl-PL"}]}},"_links":{"self":[{"href":"https:\/\/samozycieijuz.pl\/index.php?rest_route=\/wp\/v2\/pages\/153","targetHints":{"allow":["GET"]}}],"collection":[{"href":"https:\/\/samozycieijuz.pl\/index.php?rest_route=\/wp\/v2\/pages"}],"about":[{"href":"https:\/\/samozycieijuz.pl\/index.php?rest_route=\/wp\/v2\/types\/page"}],"author":[{"embeddable":true,"href":"https:\/\/samozycieijuz.pl\/index.php?rest_route=\/wp\/v2\/users\/2"}],"replies":[{"embeddable":true,"href":"https:\/\/samozycieijuz.pl\/index.php?rest_route=%2Fwp%2Fv2%2Fcomments&post=153"}],"version-history":[{"count":1,"href":"https:\/\/samozycieijuz.pl\/index.php?rest_route=\/wp\/v2\/pages\/153\/revisions"}],"predecessor-version":[{"id":338,"href":"https:\/\/samozycieijuz.pl\/index.php?rest_route=\/wp\/v2\/pages\/153\/revisions\/338"}],"wp:attachment":[{"href":"https:\/\/samozycieijuz.pl\/index.php?rest_route=%2Fwp%2Fv2%2Fmedia&parent=153"}],"curies":[{"name":"wp","href":"https:\/\/api.w.org\/{rel}","templated":true}]}}