{"id":160,"date":"2022-02-26T17:26:39","date_gmt":"2022-02-26T16:26:39","guid":{"rendered":"http:\/\/samozycieijuz.pl\/?page_id=160"},"modified":"2022-03-29T10:42:02","modified_gmt":"2022-03-29T08:42:02","slug":"regulamin-zakupu-ksiazki","status":"publish","type":"page","link":"https:\/\/samozycieijuz.pl\/?page_id=160","title":{"rendered":"Regulamin zakupu ksi\u0105\u017cki"},"content":{"rendered":"\n<p><strong>Regulamin sprzeda\u017cy ksi\u0105\u017cki \u201eSamo \u017cycie i ju\u017c!\u201d<\/strong><\/p>\n\n\n\n<p><strong><em>REGULAMIN SPRZEDA\u017bY<\/em><\/strong><strong><\/strong><\/p>\n\n\n\n<p>(obowi\u0105zuje od&nbsp;10 marca 2022 r., uwzgl\u0119dniaj\u0105c przepisy wynikaj\u0105ce z&nbsp;Rozporz\u0105dzenie Parlamentu Europejskiego i&nbsp;Rady (UE) 2016\/679 z&nbsp;dnia 27 kwietnia 2016 r. w&nbsp;sprawie ochrony os\u00f3b fizycznych w&nbsp;zwi\u0105zku z&nbsp;przetwarzaniem danych osobowych i&nbsp;w&nbsp;sprawie swobodnego przep\u0142ywu takich danych oraz&nbsp;uchylenia dyrektywy 95\/46\/WE \u2013 okre\u015blane potocznie jako \u201cRODO\u201d lub \u201cOg\u00f3lne Rozporz\u0105dzenie o&nbsp;Ochronie Danych\u201d).<\/p>\n\n\n\n<p><strong><em>POSTANOWIENIA OG\u00d3LNE:<\/em><\/strong><strong><\/strong><\/p>\n\n\n\n<p>1. Sprzeda\u017c dotyczy drukowanej ksi\u0105\u017cki (dalej: ksi\u0105\u017cka).<br>2. Sprzeda\u017c ksi\u0105\u017cki prowadzona jest na&nbsp;stronie samozycieijuz.pl<br>3. Za&nbsp;sprzeda\u017c odpowiada Marek Pietrzykowski \u2013 autor. adres: 40-048 Katowice, ul. J\u00f3zefa Rymera3\/8.<br>4. Aktualna i&nbsp;obowi\u0105zuj\u0105ca w&nbsp;sprzeda\u017cy cena towaru podana jest w&nbsp;spos\u00f3b jawny na&nbsp;stronie wydawnictwa. Podana cena nie&nbsp;obejmuje zrycza\u0142towanych koszt\u00f3w przesy\u0142ki (wskazanych w&nbsp;z\u0142otych polskich), kt\u00f3re podane s\u0105 w&nbsp;spos\u00f3b jawny na&nbsp;stronie wydawnictwa, jedn\u0105 z&nbsp;opcji Klient wybiera jako obowi\u0105zuj\u0105ce przy sk\u0142adaniu zam\u00f3wienia.<br>5. U\u017cytkownik mo\u017ce sk\u0142ada\u0107 zam\u00f3wienia 24 godziny na&nbsp;dob\u0119, 7 dni w&nbsp;tygodniu przez&nbsp;ca\u0142y rok, chyba \u017ce&nbsp;nast\u0105pi\u0105 przerwy w&nbsp;mo\u017cliwo\u015bci sk\u0142adania zam\u00f3wie\u0144, o&nbsp;czym Wydawca b\u0119dzie informowa\u0142 Klient\u00f3w.<br>6. Przy sk\u0142adaniu zam\u00f3wienia Klient wype\u0142nia formularz, w&nbsp;kt\u00f3rym&nbsp;podaje zgodne ze&nbsp;stanem faktycznym dane adresowe niezb\u0119dne do&nbsp;realizacji zam\u00f3wienia.<br>7. Informacja na&nbsp;temat ca\u0142kowitej warto\u015bci zam\u00f3wienia towaru przedstawiana jest w&nbsp;formularzu zam\u00f3wie\u0144 po&nbsp;dokonaniu przez&nbsp;Klienta wyboru formy dostawy towaru oraz&nbsp;w&nbsp;potwierdzeniu zam\u00f3wienia wysy\u0142anym Klientowi drog\u0105 mailow\u0105.<br>8. Po&nbsp;z\u0142o\u017ceniu zam\u00f3wienia Klient na&nbsp;podany przez&nbsp;siebie w&nbsp;formularzu adres mailowy otrzymuje potwierdzenie przyj\u0119cia zam\u00f3wienia wraz z&nbsp;informacjami o&nbsp;koncie bankowym, na&nbsp;kt\u00f3re dokonuje zap\u0142aty, oraz&nbsp;pouczenie o&nbsp;przys\u0142uguj\u0105cym mu prawie do&nbsp;odst\u0105pienia od&nbsp;umowy.<br>9. Dokonanie zap\u0142aty przez&nbsp;Klienta to&nbsp;jednocze\u015bnie rozpocz\u0119cie \u015bwiadczenia us\u0142ugi.<br>10. Po&nbsp;zaksi\u0119gowaniu prawid\u0142owej zap\u0142aty Klient otrzymuje w&nbsp;ci\u0105gu maksymalnie 48 godzin pisemne potwierdzenie p\u0142atno\u015bci na&nbsp;adres mailowy podany w&nbsp;formularzu zam\u00f3wienia wraz z&nbsp;informacj\u0105 o&nbsp;przewidzianym terminie wysy\u0142ki.<br>11. Wydawca nie&nbsp;ponosi odpowiedzialno\u015bci za&nbsp;b\u0142\u0119dne dane adresu mailowego w&nbsp;formularzu, kt\u00f3re podane s\u0105 przez&nbsp;klienta, przez&nbsp;co zam\u00f3wienie nie&nbsp;mo\u017ce by\u0107 poprawnie potwierdzone.<br>12. Ka\u017cda transakcja potwierdzana jest rachunkiem wysy\u0142anym Klientowi w&nbsp;wersji papierowej wraz z&nbsp;towarem.<br>13. Aby zam\u00f3wienie mog\u0142o by\u0107 zrealizowane, Klient na&nbsp;dedykowanych stronach internetowych, w&nbsp;odniesieniu do&nbsp;sk\u0142adanych zam\u00f3wie\u0144, mo\u017ce zastosowa\u0107 nast\u0119puj\u0105ce sposoby p\u0142atno\u015bci:<br>a) p\u0142atno\u015b\u0107 przelewem na konta nr 56 1870 1045 2078 1072 0267 0001<br>b) p\u0142atno\u015b\u0107 za&nbsp;pobraniem <br>14. Op\u0142ata prawid\u0142owa obejmuje \u0142\u0105cznie cen\u0119 ksi\u0105\u017cki oraz&nbsp;koszty wysy\u0142ki.<br>15. Wydawnictwo zastrzega sobie prawo ograniczenia ilo\u015bci produkt\u00f3w zamawianych w&nbsp;sprzeda\u017cy.<br>16. Wydawnictwo ma prawo anulowa\u0107 zlecenie w&nbsp;przypadku nieuregulowania p\u0142atno\u015bci przez&nbsp;Klienta w&nbsp;terminie 3 dni roboczych lub w&nbsp;przypadku dokonania niekompletnej zap\u0142aty za&nbsp;zam\u00f3wiony towar.<br>17. Klient mo\u017ce wprowadzi\u0107 zmiany w&nbsp;zam\u00f3wieniu lub zrezygnowa\u0107 z&nbsp;zam\u00f3wienia do&nbsp;chwili zap\u0142aty.<br>18. Zmiany w&nbsp;zam\u00f3wieniu s\u0105 mo\u017cliwe przez&nbsp;wys\u0142anie maila na&nbsp;adres <a href=\"mailto:kontakt@samozycieijuz.pl\">kontakt@samozycieijuz.pl<\/a> (w&nbsp;temacie maila nale\u017cy wpisa\u0107 \u201ezmiana zam\u00f3wienia\u201d).<br>19. W&nbsp;przypadku sprzeda\u017cy w&nbsp;ramach og\u0142aszanych promocji Wydawca zastrzega mo\u017cliwo\u015b\u0107 wprowadzenia ogranicze\u0144 ilo\u015bciowych w&nbsp;sprzeda\u017cy ksi\u0105\u017cki. Ograniczenia, o&nbsp;kt\u00f3rych&nbsp;mowa, okre\u015blane s\u0105 w&nbsp;warunkach promocji.<\/p>\n\n\n\n<p><\/p>\n\n\n\n<p><strong><em>WYSY\u0141KA:<\/em><\/strong><strong><\/strong><\/p>\n\n\n\n<p>1. Czas realizacji zam\u00f3wienia (wysy\u0142ka) wynosi 72 godziny (3 dni robocze), od&nbsp;momentu przes\u0142ania do&nbsp;Klienta potwierdzenia prawid\u0142owej zap\u0142aty na&nbsp;konto. Do&nbsp;czasu realizacji nale\u017cy doliczy\u0107 czas dostawy przez&nbsp;Kuriera, zgodnie z&nbsp;terminami dostawy oferowanymi aktualnie przez&nbsp;wybranych dostawc\u00f3w.<br>2. Wysy\u0142ka ksi\u0105\u017cek prowadzona jest zgodnie z&nbsp;kolejno\u015bci\u0105 nades\u0142anych i&nbsp;op\u0142aconych zam\u00f3wie\u0144.<br>3. Zrycza\u0142towane regularne koszty wysy\u0142ki realizowanej przez:<\/p>\n\n\n\n<p>Kurier:<\/p>\n\n\n\n<p>WYSY\u0141KA KRAJOWA:<br>przesy\u0142ka op\u0142acona z\u00a0g\u00f3ry 15,00 z\u0142<br>przesy\u0142ka za\u00a0pobraniem 18,00 z\u0142<\/p>\n\n\n\n<p>WYSY\u0141KA ZAGRANICZNA: w&nbsp;tym momencie w&nbsp;zwi\u0105zku z&nbsp;sytuacj\u0105 epidemiologiczn\u0105 \u015bwiata przesy\u0142ki zagraniczne s\u0105 wstrzymane<\/p>\n\n\n\n<p>4. W&nbsp;przypadku innych miejsc dostawy ni\u017c wskazane w&nbsp;opcjach zam\u00f3wienia nale\u017cy skontaktowa\u0107 si\u0119 mailowo z&nbsp;wydawnictwem w&nbsp;celu uzyskania informacji na&nbsp;temat dost\u0119pno\u015bci opcji wysy\u0142ki do&nbsp;danego pa\u0144stwa lub ustalenia koszt\u00f3w i&nbsp;warunk\u00f3w dostawy. Adres do&nbsp;kontaktu w&nbsp;powy\u017cszych kwestiach:&nbsp;<a href=\"mailto:kontakt@samozycieijuz.pl\">kontakt@samozycieijuz.pl<\/a> <br>5. DOSTAWA KRAJOWA GRATIS przy zam\u00f3wieniach powy\u017cej 5 szt. ksi\u0105\u017cki, chyba \u017ce&nbsp;aktualne promocje sprzeda\u017cowe wprowadzaj\u0105 inne mo\u017cliwo\u015bci (np.&nbsp;dostawa gratis na&nbsp;ka\u017cdy zam\u00f3wiony towar).<br>6. Wydawca zastrzega sobie prawo do&nbsp;zmian koszt\u00f3w wysy\u0142ki, tak\u017ce w&nbsp;zwi\u0105zku z&nbsp;prowadzonymi promocjami sprzeda\u017cowymi. Wszystkie aktualne koszty wysy\u0142ki podane s\u0105 w&nbsp;spos\u00f3b jawny na&nbsp;stronie wydawnictwa.<br>7. Po&nbsp;wys\u0142aniu zam\u00f3wionego towaru Klient otrzymuje pisemne potwierdzenie wysy\u0142ki na&nbsp;adres mailowy podany w&nbsp;formularzu zam\u00f3wienia wraz z&nbsp;numerem nadania umo\u017cliwiaj\u0105cym \u015bledzenie przesy\u0142ki na&nbsp;stronie operatora pocztowego lub kuriera.<br>8. Wydawnictwo nie&nbsp;ponosi odpowiedzialno\u015bci za&nbsp;niedostarczenie towaru lub op\u00f3\u017anienie w&nbsp;dostawie spowodowane b\u0142\u0119dnym lub niedok\u0142adnym adresem, podanym przez&nbsp;Klienta w&nbsp;zam\u00f3wieniu.<br>9. W&nbsp;przypadku nieodebrania przesy\u0142ki poleconej przez&nbsp;klienta Wydawca b\u0119dzie uprawniony do&nbsp;odst\u0105pienia od&nbsp;umowy. Wydawca przyjmie zwr\u00f3con\u0105 przesy\u0142k\u0119 i&nbsp;nie&nbsp;p\u00f3\u017aniej ni\u017c w&nbsp;terminie 14 dni od&nbsp;otrzymania nieodebranej przesy\u0142ki zwr\u00f3ci dokonane przez&nbsp;klienta p\u0142atno\u015bci za&nbsp;towar przy u\u017cyciu takiego samego sposobu zap\u0142aty, jakiego u\u017cy\u0142 klient przy zap\u0142acie za&nbsp;towar (zwrot nale\u017cno\u015bci zostanie pomniejszony o&nbsp;poniesione koszty wykonanej us\u0142ugi wysy\u0142ki towaru, dotyczy tak\u017ce promocji WYSY\u0141KA GRATIS). Wydawca ponosi koszty zwrotu nieodebranej przesy\u0142ki, dlatego te\u017c zwr\u00f3cona kwota zostanie pomniejszona o&nbsp;koszty odebrania zwrotu.<\/p>\n\n\n\n<p><\/p>\n\n\n\n<p><strong><em>ZWROTY:<\/em><\/strong><strong><\/strong><\/p>\n\n\n\n<p>1. Klientowi przys\u0142uguje prawo odst\u0105pienia od&nbsp;umowy w&nbsp;ci\u0105gu 14 dni od&nbsp;daty otrzymania towaru. Sk\u0142adaj\u0105c o\u015bwiadczenie o&nbsp;odst\u0105pieniu od&nbsp;umowy (Za\u0142\u0105cznik nr&nbsp;1 do&nbsp;Regulaminu), Klient nie&nbsp;musi podawa\u0107 przyczyny.<br>2. Aby skorzysta\u0107 z&nbsp;prawa odst\u0105pienia od&nbsp;umowy, Klient musi poinformowa\u0107 Wydawnictwo o&nbsp;swojej decyzji o&nbsp;odst\u0105pieniu od&nbsp;niniejszej umowy jednoznacznym o\u015bwiadczeniem drog\u0105 (do&nbsp;wyboru):<br>elektroniczn\u0105: e-mail:&nbsp;<a href=\"mailto:kontakt@samozycieijuz.pl\">kontakt@samozycieijuz.pl<\/a> &nbsp;(w&nbsp;temacie wpisuj\u0105c ,,odst\u0105pienie od&nbsp;umowy\u201d) lub listownie na&nbsp;adres: Marek Pietrzykowski, 40-048 Katowice ul. J\u00f3zefa Rymera 3\/8 (z&nbsp;dopiskiem na&nbsp;kopercie ,,odst\u0105pienie od&nbsp;umowy\u201d) wysy\u0142aj\u0105c pismo wg&nbsp;wzoru formularza odst\u0105pienia od&nbsp;umowy (Za\u0142\u0105cznik nr&nbsp;1 do&nbsp;Regulaminu).<br>3. Termin jest zachowany, gdy&nbsp;wys\u0142ana informacja o&nbsp;odst\u0105pieniu od&nbsp;umowy ma miejsce przed&nbsp;up\u0142ywem terminu do&nbsp;odst\u0105pienia od&nbsp;umowy.<br>4. Nieu\u017cywany i&nbsp;niezniszczony towar wraz z&nbsp;potwierdzeniem zakupu (faktur\u0105) nale\u017cy odes\u0142a\u0107 nie&nbsp;p\u00f3\u017aniej ni\u017c 14 dni od&nbsp;dnia, w&nbsp;kt\u00f3rym&nbsp;Klient odst\u0105pi\u0142 od&nbsp;umowy na&nbsp;adres:<br>Marek Pietrzykowski, 40-048 Katowice ul. J\u00f3zefa Rymera 3\/8 wraz z&nbsp;dopiskiem ,,zwrot\u201d.<br>Do&nbsp;zachowania terminu wystarczy odes\u0142anie rzeczy przed&nbsp;jego up\u0142ywem.<br>5. Klient ponosi tylko&nbsp;bezpo\u015brednie koszty zwrotu rzeczy.<br>6. W&nbsp;przypadku odst\u0105pienia od&nbsp;umowy uwa\u017ca si\u0119 umow\u0119 za&nbsp;niezawart\u0105. Wydawca nie&nbsp;p\u00f3\u017aniej ni\u017c w&nbsp;terminie 14 dni od&nbsp;dnia otrzymania o\u015bwiadczenia Klienta o&nbsp;odst\u0105pieniu od&nbsp;umowy zwr\u00f3ci wszystkie dokonane przez&nbsp;Klienta p\u0142atno\u015bci przy u\u017cyciu takiego samego sposobu zap\u0142aty, jakiego u\u017cy\u0142 Klient, w&nbsp;tym koszty dostarczenia rzeczy (ale&nbsp;nie&nbsp;ich zwrotu).<br>7. Wydawca mo\u017ce wstrzyma\u0107 si\u0119 ze&nbsp;zwrotem p\u0142atno\u015bci otrzymanych od&nbsp;Klienta do&nbsp;chwili otrzymania towaru z&nbsp;powrotem lub dostarczenia przez&nbsp;Klienta dowodu jej odes\u0142ania, w&nbsp;zale\u017cno\u015bci od&nbsp;tego, kt\u00f3re zdarzenie nast\u0105pi wcze\u015bniej.<br>8. W&nbsp;przypadku wyst\u0105pienia konieczno\u015bci zwrotu \u015brodk\u00f3w za&nbsp;transakcj\u0119 dokonan\u0105 przez&nbsp;klienta kart\u0105 p\u0142atnicz\u0105 sprzedaj\u0105cy dokonana zwrotu na&nbsp;rachunek bankowy przypisany do&nbsp;karty p\u0142atniczej Zamawiaj\u0105cego.<\/p>\n\n\n\n<p><strong><em>REKLAMACJE:<\/em><\/strong><strong><\/strong><\/p>\n\n\n\n<p>1. Je\u015bli otrzymany przez&nbsp;Klienta produkt posiada wady techniczne lub uszkodzenia powsta\u0142e w&nbsp;wyniku transportu, Klient mo\u017ce:<br>a) z\u0142o\u017cy\u0107 o\u015bwiadczenie o&nbsp;obni\u017ceniu ceny albo&nbsp;odst\u0105pieniu od&nbsp;umowy, chyba \u017ce&nbsp;Wydawca niezw\u0142ocznie i&nbsp;bez&nbsp;nadmiernych niedogodno\u015bci dla Klienta wymieni wadliw\u0105 ksi\u0105\u017ck\u0119 na&nbsp;woln\u0105 od&nbsp;wad. Obni\u017cona cena powinna pozostawa\u0107 w&nbsp;takiej proporcji do&nbsp;ceny wynikaj\u0105cej z&nbsp;umowy, w&nbsp;jakiej warto\u015b\u0107 rzeczy z&nbsp;wad\u0105 pozostaje do&nbsp;warto\u015bci rzeczy bez&nbsp;wady. U\u017cytkownik nie&nbsp;mo\u017ce odst\u0105pi\u0107 od&nbsp;umowy, je\u017celi wada jest nieistotna;<br>b) \u017c\u0105da\u0107 wymiany rzeczy na&nbsp;wolne od&nbsp;wad albo&nbsp;usuni\u0119cia wady. Wydawca jest zobowi\u0105zany wymieni\u0107 wadliw\u0105 ksi\u0105\u017ck\u0119 na&nbsp;woln\u0105 od&nbsp;wad (ponosz\u0105c koszty ponownej wysy\u0142ki towaru) albo&nbsp;usun\u0105\u0107 wad\u0119 w&nbsp;rozs\u0105dnym czasie bez&nbsp;nadmiernych niedogodno\u015bci dla U\u017cytkownika.<br>c) Klient mo\u017ce zamiast zaproponowanego przez&nbsp;Wydawc\u0119 usuni\u0119cia wady \u017c\u0105da\u0107 wymiany rzeczy na&nbsp;woln\u0105 od&nbsp;wad albo&nbsp;zamiast wymiany rzeczy \u017c\u0105da\u0107 usuni\u0119cia wady, chyba \u017ce&nbsp;doprowadzenie rzeczy do&nbsp;zgodno\u015bci z&nbsp;umow\u0105 w&nbsp;spos\u00f3b wybrany przez&nbsp;Klienta jest niemo\u017cliwe albo&nbsp;wymaga\u0142oby nadmiernych koszt\u00f3w w&nbsp;por\u00f3wnaniu ze&nbsp;sposobem proponowanym przez&nbsp;Wydawc\u0119. Przy ocenie nadmierno\u015bci koszt\u00f3w uwzgl\u0119dnia si\u0119 warto\u015b\u0107 rzeczy wolnej od&nbsp;wad, rodzaj i&nbsp;znaczenie stwierdzonej wady, a&nbsp;tak\u017ce bierze si\u0119 pod&nbsp;uwag\u0119 niedogodno\u015bci, na&nbsp;jakie nara\u017ca\u0142by Klienta inny spos\u00f3b zaspokojenia.<br>2. Klient mo\u017ce zg\u0142asza\u0107 reklamacje w&nbsp;ci\u0105gu 14 dni od&nbsp;otrzymania przesy\u0142ki drog\u0105 (do&nbsp;wyboru):<br>elektroniczn\u0105: e-mail:&nbsp; <a href=\"mailto:kontakt@samozycieijuz.pl\">kontakt@samozycieijuz.pl<\/a> w&nbsp;temacie wpisuj\u0105c ,,reklamacja\u2019\u201d)<br>listownie na&nbsp;adres: Marek Pietrzykowski, 40-048 Katowice ul. J\u00f3zefa Rymera 3\/8 (z&nbsp;dopiskiem na&nbsp;kopercie ,,reklamacja\u2019\u201d).<br>3. Zg\u0142oszenie reklamacji powinno zawiera\u0107 dokument potwierdzaj\u0105cy nabycie ksi\u0105\u017cki (rachunek, fatur\u0119, potwierdzenie przelewu bankowego) oraz&nbsp;opis wady produktu oraz&nbsp;o\u015bwiadczenie o&nbsp;\u017c\u0105daniu w&nbsp;zwi\u0105zku z&nbsp;reklamacj\u0105. Reklamacje b\u0119d\u0105 rozpatrywane najp\u00f3\u017aniej w&nbsp;ci\u0105gu 14 dni roboczych od&nbsp;otrzymania przesy\u0142ki. Nast\u0119pnie Wydawca niezw\u0142ocznie powiadomi Klienta o&nbsp;dalszym post\u0119powaniu.<br>4. W&nbsp;przypadku uznania przez&nbsp;Wydawc\u0119 reklamacji wadliwego towaru, Klient odsy\u0142a reklamowany towar na&nbsp;koszt Wydawcy wraz z&nbsp;oryginalnym opakowaniem, w&nbsp;jakim przes\u0142ano towar. Je\u017celi Klient wybra\u0142 spos\u00f3b dostarczenia towaru inny ni\u017c najta\u0144szy zwyk\u0142y spos\u00f3b dostarczenia oferowany przez&nbsp;Wydawc\u0119, Wydawca nie&nbsp;jest zobowi\u0105zany do&nbsp;zwrotu Klientowi poniesionych przez&nbsp;niego dodatkowych koszt\u00f3w.<br>5. Koszty wysy\u0142ki towaru wolnego od&nbsp;wad ponosi Wydawca.<\/p>\n\n\n\n<p><strong><em>DANE OSOBOWE:<\/em><\/strong><strong><\/strong><\/p>\n\n\n\n<p>1. W&nbsp;celu dokonania zakupu ksi\u0105\u017cki na&nbsp;stronie Wydawnicy niezb\u0119dne jest wype\u0142nienie formularza zam\u00f3wienia oraz&nbsp;akceptacja regulaminu zam\u00f3wie\u0144 i&nbsp;dobrowolna zgoda na&nbsp;przetwarzanie danych osobowych na&nbsp;podstawie wytycznych Rozporz\u0105dzenia Parlamentu Europejskiego i&nbsp;Rady (UE) 2016\/679 z&nbsp;dnia 27 kwietnia 2016 r. w&nbsp;sprawie ochrony os\u00f3b fizycznych w&nbsp;zwi\u0105zku z&nbsp;przetwarzaniem danych osobowych i&nbsp;w&nbsp;sprawie swobodnego przep\u0142ywu takich danych oraz&nbsp;uchylenia dyrektywy 95\/46\/WE).<br>Bez&nbsp;udzielenia takiej zgody realizacja zam\u00f3wienia jest niemo\u017cliwa.<br>2. Samozycieijuz.pl Marek Pietrzykowski (Administrator danych osobowych) nie&nbsp;przekazuje, nie&nbsp;sprzedaje i&nbsp;nie&nbsp;u\u017cycza danych osobowych Klient\u00f3w osobom lub instytucjom trzecim w&nbsp;celach innych ni\u017c wynikaj\u0105cych z&nbsp;konieczno\u015bci wykonania umowy lub z&nbsp;prawnych obowi\u0105zk\u00f3w ustawowych.<br>3. Wszystkie szczeg\u00f3\u0142owe informacje oraz&nbsp;wyja\u015bnienia i&nbsp;prawa Klienta dotycz\u0105ce przetwarzania danych osobowych (niezb\u0119dnych do&nbsp;realizacji zam\u00f3wie\u0144 z\u0142o\u017conych na&nbsp;stronie) mo\u017cna znale\u017a\u0107 w zak\u0142adce polityka prywatno\u015bci.<strong><\/strong><\/p>\n\n\n\n<p><strong><em>FORMULARZ ODST\u0104PIENIA OD&nbsp;UMOWY<\/em><\/strong><strong><\/strong><\/p>\n\n\n\n<p>wz\u00f3r opracowany na&nbsp;podstawie za\u0142\u0105cznika numer 2 do&nbsp;ustawy z&nbsp;dnia 30 maja 2014 r. o&nbsp;prawach konsumenta (Dz.U. z&nbsp;2014 r. poz. 827 ze&nbsp;zm.)<br>(formularz ten nale\u017cy wype\u0142ni\u0107 i&nbsp;odes\u0142a\u0107 tylko&nbsp;w&nbsp;przypadku ch\u0119ci odst\u0105pienia od&nbsp;umowy)<\/p>\n\n\n\n<p>Adresat<\/p>\n\n\n\n<p>Ja\/My(*)&nbsp;niniejszym informuj\u0119\/informujemy(*)&nbsp;o moim\/naszym odst\u0105pieniu od&nbsp;umowy sprzeda\u017cy nast\u0119puj\u0105cych rzeczy(*)&nbsp;umowy dostawy nast\u0119puj\u0105cych rzeczy(*)&nbsp;umowy o&nbsp;dzie\u0142o polegaj\u0105cej na&nbsp;wykonaniu nast\u0119puj\u0105cych rzeczy(*)\/o \u015bwiadczenie nast\u0119puj\u0105cej us\u0142ugi(*)<\/p>\n\n\n\n<p>Data zawarcia umowy(*)\/odbioru(*)<\/p>\n\n\n\n<p>Imi\u0119 i&nbsp;nazwisko konsumenta(-\u00f3w)<\/p>\n\n\n\n<p>Adres konsumenta(-\u00f3w)<\/p>\n\n\n\n<p>Podpis konsumenta(-\u00f3w) (tylko&nbsp;je\u017celi formularz jest przesy\u0142any w&nbsp;wersji papierowej)<\/p>\n\n\n\n<p>Data<\/p>\n\n\n\n<p>(*)&nbsp;Niepotrzebne skre\u015bli\u0107.<\/p>\n","protected":false},"excerpt":{"rendered":"<p>Regulamin sprzeda\u017cy ksi\u0105\u017cki \u201eSamo \u017cycie i ju\u017c!\u201d REGULAMIN SPRZEDA\u017bY (obowi\u0105zuje od&nbsp;10 marca 2022 r., uwzgl\u0119dniaj\u0105c przepisy wynikaj\u0105ce z&nbsp;Rozporz\u0105dzenie Parlamentu Europejskiego i&nbsp;Rady (UE) 2016\/679 z&nbsp;dnia 27 kwietnia 2016 r. w&nbsp;sprawie ochrony os\u00f3b fizycznych w&nbsp;zwi\u0105zku z&nbsp;przetwarzaniem danych osobowych i&nbsp;w&nbsp;sprawie swobodnego przep\u0142ywu takich &hellip; <a href=\"https:\/\/samozycieijuz.pl\/?page_id=160\">Czytaj dalej <span class=\"meta-nav\">&rarr;<\/span><\/a><\/p>\n","protected":false},"author":1,"featured_media":0,"parent":0,"menu_order":8,"comment_status":"closed","ping_status":"closed","template":"","meta":{"footnotes":""},"class_list":["post-160","page","type-page","status-publish","hentry"],"yoast_head":"<!-- This site is optimized with the Yoast SEO plugin v27.3 - https:\/\/yoast.com\/product\/yoast-seo-wordpress\/ -->\n<title>Regulamin zakupu ksi\u0105\u017cki - Samo \u017cycie i ju\u017c!<\/title>\n<meta name=\"robots\" content=\"index, follow, max-snippet:-1, max-image-preview:large, max-video-preview:-1\" \/>\n<link rel=\"canonical\" href=\"https:\/\/samozycieijuz.pl\/?page_id=160\" \/>\n<meta property=\"og:locale\" content=\"pl_PL\" \/>\n<meta property=\"og:type\" content=\"article\" \/>\n<meta property=\"og:title\" content=\"Regulamin zakupu ksi\u0105\u017cki - Samo \u017cycie i ju\u017c!\" \/>\n<meta property=\"og:description\" content=\"Regulamin sprzeda\u017cy ksi\u0105\u017cki \u201eSamo \u017cycie i ju\u017c!\u201d REGULAMIN SPRZEDA\u017bY (obowi\u0105zuje od&nbsp;10 marca 2022 r., uwzgl\u0119dniaj\u0105c przepisy wynikaj\u0105ce z&nbsp;Rozporz\u0105dzenie Parlamentu Europejskiego i&nbsp;Rady (UE) 2016\/679 z&nbsp;dnia 27 kwietnia 2016 r. w&nbsp;sprawie ochrony os\u00f3b fizycznych w&nbsp;zwi\u0105zku z&nbsp;przetwarzaniem danych osobowych i&nbsp;w&nbsp;sprawie swobodnego przep\u0142ywu takich &hellip; Czytaj dalej &rarr;\" \/>\n<meta property=\"og:url\" content=\"https:\/\/samozycieijuz.pl\/?page_id=160\" \/>\n<meta property=\"og:site_name\" content=\"Samo \u017cycie i ju\u017c!\" \/>\n<meta property=\"article:modified_time\" content=\"2022-03-29T08:42:02+00:00\" \/>\n<meta name=\"twitter:card\" content=\"summary_large_image\" \/>\n<meta name=\"twitter:label1\" content=\"Szacowany czas czytania\" \/>\n\t<meta name=\"twitter:data1\" content=\"8 minut\" \/>\n<script type=\"application\/ld+json\" class=\"yoast-schema-graph\">{\"@context\":\"https:\\\/\\\/schema.org\",\"@graph\":[{\"@type\":\"WebPage\",\"@id\":\"https:\\\/\\\/samozycieijuz.pl\\\/?page_id=160\",\"url\":\"https:\\\/\\\/samozycieijuz.pl\\\/?page_id=160\",\"name\":\"Regulamin zakupu ksi\u0105\u017cki - Samo \u017cycie i ju\u017c!\",\"isPartOf\":{\"@id\":\"https:\\\/\\\/samozycieijuz.pl\\\/#website\"},\"datePublished\":\"2022-02-26T16:26:39+00:00\",\"dateModified\":\"2022-03-29T08:42:02+00:00\",\"breadcrumb\":{\"@id\":\"https:\\\/\\\/samozycieijuz.pl\\\/?page_id=160#breadcrumb\"},\"inLanguage\":\"pl-PL\",\"potentialAction\":[{\"@type\":\"ReadAction\",\"target\":[\"https:\\\/\\\/samozycieijuz.pl\\\/?page_id=160\"]}]},{\"@type\":\"BreadcrumbList\",\"@id\":\"https:\\\/\\\/samozycieijuz.pl\\\/?page_id=160#breadcrumb\",\"itemListElement\":[{\"@type\":\"ListItem\",\"position\":1,\"name\":\"Home\",\"item\":\"https:\\\/\\\/samozycieijuz.pl\\\/\"},{\"@type\":\"ListItem\",\"position\":2,\"name\":\"Regulamin zakupu ksi\u0105\u017cki\"}]},{\"@type\":\"WebSite\",\"@id\":\"https:\\\/\\\/samozycieijuz.pl\\\/#website\",\"url\":\"https:\\\/\\\/samozycieijuz.pl\\\/\",\"name\":\"Samo \u017cycie i ju\u017c!\",\"description\":\"Marek Pietrzykowski: przygody, podr\u00f3\u017ce...i nie tylko  \",\"potentialAction\":[{\"@type\":\"SearchAction\",\"target\":{\"@type\":\"EntryPoint\",\"urlTemplate\":\"https:\\\/\\\/samozycieijuz.pl\\\/?s={search_term_string}\"},\"query-input\":{\"@type\":\"PropertyValueSpecification\",\"valueRequired\":true,\"valueName\":\"search_term_string\"}}],\"inLanguage\":\"pl-PL\"}]}<\/script>\n<!-- \/ Yoast SEO plugin. -->","yoast_head_json":{"title":"Regulamin zakupu ksi\u0105\u017cki - Samo \u017cycie i ju\u017c!","robots":{"index":"index","follow":"follow","max-snippet":"max-snippet:-1","max-image-preview":"max-image-preview:large","max-video-preview":"max-video-preview:-1"},"canonical":"https:\/\/samozycieijuz.pl\/?page_id=160","og_locale":"pl_PL","og_type":"article","og_title":"Regulamin zakupu ksi\u0105\u017cki - Samo \u017cycie i ju\u017c!","og_description":"Regulamin sprzeda\u017cy ksi\u0105\u017cki \u201eSamo \u017cycie i ju\u017c!\u201d REGULAMIN SPRZEDA\u017bY (obowi\u0105zuje od&nbsp;10 marca 2022 r., uwzgl\u0119dniaj\u0105c przepisy wynikaj\u0105ce z&nbsp;Rozporz\u0105dzenie Parlamentu Europejskiego i&nbsp;Rady (UE) 2016\/679 z&nbsp;dnia 27 kwietnia 2016 r. w&nbsp;sprawie ochrony os\u00f3b fizycznych w&nbsp;zwi\u0105zku z&nbsp;przetwarzaniem danych osobowych i&nbsp;w&nbsp;sprawie swobodnego przep\u0142ywu takich &hellip; Czytaj dalej &rarr;","og_url":"https:\/\/samozycieijuz.pl\/?page_id=160","og_site_name":"Samo \u017cycie i ju\u017c!","article_modified_time":"2022-03-29T08:42:02+00:00","twitter_card":"summary_large_image","twitter_misc":{"Szacowany czas czytania":"8 minut"},"schema":{"@context":"https:\/\/schema.org","@graph":[{"@type":"WebPage","@id":"https:\/\/samozycieijuz.pl\/?page_id=160","url":"https:\/\/samozycieijuz.pl\/?page_id=160","name":"Regulamin zakupu ksi\u0105\u017cki - Samo \u017cycie i ju\u017c!","isPartOf":{"@id":"https:\/\/samozycieijuz.pl\/#website"},"datePublished":"2022-02-26T16:26:39+00:00","dateModified":"2022-03-29T08:42:02+00:00","breadcrumb":{"@id":"https:\/\/samozycieijuz.pl\/?page_id=160#breadcrumb"},"inLanguage":"pl-PL","potentialAction":[{"@type":"ReadAction","target":["https:\/\/samozycieijuz.pl\/?page_id=160"]}]},{"@type":"BreadcrumbList","@id":"https:\/\/samozycieijuz.pl\/?page_id=160#breadcrumb","itemListElement":[{"@type":"ListItem","position":1,"name":"Home","item":"https:\/\/samozycieijuz.pl\/"},{"@type":"ListItem","position":2,"name":"Regulamin zakupu ksi\u0105\u017cki"}]},{"@type":"WebSite","@id":"https:\/\/samozycieijuz.pl\/#website","url":"https:\/\/samozycieijuz.pl\/","name":"Samo \u017cycie i ju\u017c!","description":"Marek Pietrzykowski: przygody, podr\u00f3\u017ce...i nie tylko  ","potentialAction":[{"@type":"SearchAction","target":{"@type":"EntryPoint","urlTemplate":"https:\/\/samozycieijuz.pl\/?s={search_term_string}"},"query-input":{"@type":"PropertyValueSpecification","valueRequired":true,"valueName":"search_term_string"}}],"inLanguage":"pl-PL"}]}},"_links":{"self":[{"href":"https:\/\/samozycieijuz.pl\/index.php?rest_route=\/wp\/v2\/pages\/160","targetHints":{"allow":["GET"]}}],"collection":[{"href":"https:\/\/samozycieijuz.pl\/index.php?rest_route=\/wp\/v2\/pages"}],"about":[{"href":"https:\/\/samozycieijuz.pl\/index.php?rest_route=\/wp\/v2\/types\/page"}],"author":[{"embeddable":true,"href":"https:\/\/samozycieijuz.pl\/index.php?rest_route=\/wp\/v2\/users\/1"}],"replies":[{"embeddable":true,"href":"https:\/\/samozycieijuz.pl\/index.php?rest_route=%2Fwp%2Fv2%2Fcomments&post=160"}],"version-history":[{"count":7,"href":"https:\/\/samozycieijuz.pl\/index.php?rest_route=\/wp\/v2\/pages\/160\/revisions"}],"predecessor-version":[{"id":477,"href":"https:\/\/samozycieijuz.pl\/index.php?rest_route=\/wp\/v2\/pages\/160\/revisions\/477"}],"wp:attachment":[{"href":"https:\/\/samozycieijuz.pl\/index.php?rest_route=%2Fwp%2Fv2%2Fmedia&parent=160"}],"curies":[{"name":"wp","href":"https:\/\/api.w.org\/{rel}","templated":true}]}}