{"id":685,"date":"2022-09-26T18:17:59","date_gmt":"2022-09-26T16:17:59","guid":{"rendered":"http:\/\/samozycieijuz.pl\/?page_id=685"},"modified":"2022-09-26T20:31:11","modified_gmt":"2022-09-26T18:31:11","slug":"z-zycia-autora","status":"publish","type":"page","link":"https:\/\/samozycieijuz.pl\/?page_id=685","title":{"rendered":"Z \u017cycia autora"},"content":{"rendered":"\n<p>informacje z \u017cycia Marka Pietrzykowskiego<\/p>\n\n\n\n<p>&#8212;&#8212;&#8212;&#8212;&#8212;&#8212;&#8212;&#8212;&#8212;&#8212;&#8212;&#8212;&#8212;&#8212;&#8212;&#8212;&#8212;&#8212;&#8212;&#8212;&#8212;&#8212;&#8212;&#8212;<\/p>\n\n\n<p><strong>a tutaj post po po\u015bcie &#8211; dzie\u0144 po dniu \ud83d\ude42 29 post\u00f3w!!! (najstarszy u do\u0142u)<\/strong><br \/><a href=\"https:\/\/www.facebook.com\/marek.pietrzykowski.902\/posts\/pfbid037KjnFtXS7jfDnN5hDF8nuGwCytz7sqWxajCLtgSHmn7wTJoAmzgAgZwrKGTM5o8ml\">30.08.2022r ostatni post z rejsu<\/a><br \/><a href=\"https:\/\/www.facebook.com\/marek.pietrzykowski.902\/posts\/pfbid02GoqAMBfVb1a57GbnMe6wAPucswLi7SmpxgqoxMBJNJRyx3o7ZTkPAK5yTw64exGVl\">28.08.2022r. Niedziela &#8211; cz 3<\/a><br \/><a href=\"https:\/\/www.facebook.com\/marek.pietrzykowski.902\/posts\/pfbid02LfLM7BRRduEj6Y2sW2kP1QFNCc28ZhvYHAvCygN2gjaooA3pz124KoCHYhuDB3Hl\">28.08.2022r. Niedziela cd<\/a><br \/><a href=\"https:\/\/www.facebook.com\/marek.pietrzykowski.902\/posts\/pfbid0aX4aUhboGGgMVwVetckRPKKqopXmmAwtQpv8qTzpu4MuRUQnHxrhWiQ6GMSvHkRDl\">28.08.2022r. Niedziela<\/a><br \/><a href=\"https:\/\/www.facebook.com\/marek.pietrzykowski.902\/posts\/pfbid02o6hC6GSpRkbBw1hVBXAG6ygxYTYw9HToRvCYT2FnRUScftxXLmrZZ85Fm5UUQdZol\">25.08.2022r. Czwartek<\/a><br \/><a href=\"https:\/\/www.facebook.com\/marek.pietrzykowski.902\/posts\/pfbid02GbpNof1BdGKbjovA8nnox1btRdxXCvQtxde4NWnnVyBAv9aM9Jc5aryFDBn6H3pwl\">24.08.2022r. \u015aroda<\/a><br \/><a href=\"https:\/\/www.facebook.com\/marek.pietrzykowski.902\/posts\/pfbid0Q2SA7EToThbY4rETjQsb5aQZ55aZzPWJ5VgTJ9gtzN5movwfhuDAEsmRp2MuGrGbl\">23.08. 2022r. Wtorek<\/a><br \/><a href=\"https:\/\/www.facebook.com\/marek.pietrzykowski.902\/posts\/pfbid02b3RPzast5TNoDh9a83G9s6Wrj3vU94JntfSJ12sinrdZNGSo9YyRcFk2xczUbvCZl\">22.08.2022r. Poniedzia\u0142ek<\/a><br \/><a href=\"https:\/\/www.facebook.com\/marek.pietrzykowski.902\/posts\/pfbid02AJjC68vc5zh2jg631ePWzAtTuk1fVLkVaZaLxF1mENh91fkiNveSbWwDUwUf4oqrl\">21.08.2022r. Niedziela &#8211; S\u00f6derk\u00f6ping, \u00d6sterg\u00f6tlands l\u00e4n, Szwecja <\/a><br \/><a href=\"https:\/\/www.facebook.com\/marek.pietrzykowski.902\/posts\/pfbid0N2EaobRbg5V93i6UJMVesU8qNBvXRv6Jhv4F5uigb9T5m8u1SbJF3ssTVeC4j4YYl\">21.08.2022r Niedziela<\/a><br \/><a href=\"https:\/\/www.facebook.com\/marek.pietrzykowski.902\/posts\/pfbid0bCKzSo7wA2ctNuM4g1FQJh43vuQx5Bfw5mvHz9eazQGuP6oDU2JNCG8j3jKKfwUl\">20.08.2022r. Sobota<\/a><br \/><a href=\"https:\/\/www.facebook.com\/marek.pietrzykowski.902\/posts\/pfbid02Cm2dtDLwkXrvcXdR7rpyoMq1hreVesBWkEQ7xiKTvXL8FzFQ71rzkChtEGx7kv4ol\">19.08.2022r Pi\u0105tek <\/a><br \/><a href=\"https:\/\/www.facebook.com\/marek.pietrzykowski.902\/posts\/pfbid0NWC7NEzoVk5rKe1QV3j7dZnbCsgqw5rGfB16B936E171z3fVTtnJ8eUMrBpRpHCQl\">18.08.2022r ci\u0105g dalszy<\/a><br \/><a href=\"https:\/\/www.facebook.com\/marek.pietrzykowski.902\/posts\/pfbid0gEWqHoDns6BZdP9ztDi9DEirDH6qVQoHaEpSv49dfhovxg1ERZFUiHHb6bWWotw7l\">18.08.2022r jeszcze jedna relacja<\/a><br \/><a href=\"https:\/\/www.facebook.com\/marek.pietrzykowski.902\/posts\/pfbid02oiJAKa8SvCWswKMqqmjk5AvoSd8XRJqoCpJkKsaJVnmWPnTbEuhcwu8Nu2kyyEdWl\">18.08.2022r. ci\u0105g dalszy<\/a><br \/><a href=\"https:\/\/www.facebook.com\/marek.pietrzykowski.902\/posts\/pfbid0kswGfn9o9nhYSQWZzU85Qp1CVWTjWzFfiJ2BRApbxgMo4Rb12JmhBouc6EUiCbtil\">18.08.2022r. Czwartek przed 9.00 rano<\/a><br \/><a href=\"https:\/\/www.facebook.com\/marek.pietrzykowski.902\/posts\/pfbid02c2kqxz7ZUNfC9sobxHmeFvKWXxXfA5VhWcw4jpGzoGgJdJsHPymBY73kbyRDi63dl\">18.08.2022r. relacja 2<\/a><br \/><a href=\"https:\/\/www.facebook.com\/marek.pietrzykowski.902\/posts\/pfbid02durhPT6Quz2FzgETepdmm1dKaj5s1kDvmrJh9CRk72DDJHvajKWFo2uS9jU3ZFEzl\">18.08.2022r. relacja 1<\/a><br \/><a href=\"https:\/\/www.facebook.com\/marek.pietrzykowski.902\/posts\/pfbid02GLxxBKzwCyozgRNqw9GGdTiRGo4NMBCx4NjioES8gPNdeiCQVQA9eSabTAAA3H7al\">16.08.2022r. Wtorek godz. 11.42<\/a><br \/><a href=\"https:\/\/www.facebook.com\/marek.pietrzykowski.902\/posts\/pfbid0277tsybNJw6mKqAH6YDmUy8HyQNFC3o3uoSc6wdLy6E3kdhgGpJrwpwWKVzLF1TLl\">14.08.2022r. Niedziela godz. 18 54 &#8211; Lilla Edet, V\u00e4stra G\u00f6talands l\u00e4n, Szwecja <\/a><br \/><a href=\"https:\/\/www.facebook.com\/marek.pietrzykowski.902\/posts\/pfbid0MUEfeDHdfJ3Rxx78mzJoPeRhsxg5t7v5A9sLQbEjSiXY43Khg2ztFPfRkKYUqXhbl\">14.08.2022r.<\/a><br \/><a href=\"https:\/\/www.facebook.com\/marek.pietrzykowski.902\/posts\/pfbid044UnEM1RxM8pAnzicZvT7yVWiczoymKzYLpaa1CMyTXWphocpiXaAKTF2yMr9kRXl\">12.08.2022r. Pi\u0105tek godz. 22.42<\/a><br \/><a href=\"https:\/\/www.facebook.com\/marek.pietrzykowski.902\/posts\/pfbid0YADpPXH6BDTwQbsTSAQZKp2XyuzNCuzH6KHVwPip8ZXNkjW3qEHAirvdx1CKWy1hl\">12.08.2022r. Pi\u0105tek<\/a><br \/><a href=\"https:\/\/www.facebook.com\/marek.pietrzykowski.902\/posts\/pfbid02tJSaDURDMMaAHn1UFGfPVao4a73ofyXkcDtdcu9HL39eTi7ydjuFfDbkTqSwFYURl\">11.08.2022r. Czwartek godz. 10.00<\/a><br \/><a href=\"https:\/\/www.facebook.com\/marek.pietrzykowski.902\/posts\/pfbid02uKrM2VMWYcAa3GetuLRZo66fQskpH73C8K5YMWwUWHVHWRsdrD7yyib6GYLScJCml\">10.08.2022r. \u015aroda godz. 10.00<\/a><br \/><a href=\"https:\/\/www.facebook.com\/marek.pietrzykowski.902\/posts\/pfbid02RnesWUMb9AGqbwuCR9XjA93n3AbQmwLC9LRJRnNxaFgkbZ4Dj6NLiaSHj842msXCl\">09.08..2022r. Wtorek godz 16.10<\/a><br \/><a href=\"https:\/\/www.facebook.com\/marek.pietrzykowski.902\/posts\/pfbid02MHeC3LBLBCmtx4GtHN2FZisN8XPJBoXWpp2LuQjLueLiVfTT3mJtNNdcN2hZBfJKl\">08\/09.08.2022r. Poniedzia\u0142ek<\/a><br \/><a href=\"https:\/\/www.facebook.com\/marek.pietrzykowski.902\/posts\/pfbid01Q4DWYB1QKsUv4FuB2i3q3wt92AeDtTMxnp5Nw9fBcBhzMWcJWqijX1QbUeZYrMAl\">08.08.2022r Niedziela<\/a><br \/><a href=\"https:\/\/www.facebook.com\/marek.pietrzykowski.902\/posts\/pfbid04CLqnwMCoHobYkUzCKCcvSAc95xYJaAy4vjCMu4TqGjGCaX2K3UhMHtjNP8YC4TGl\">07.08.2022r. zaczynamy<\/a><\/p>\n<p>Pozdrawiam serdecznie<br \/>Marek Pietrzykowski<\/p>\n\n\n<p class=\"has-text-align-center\">&#8212;&#8212;&#8212;&#8212;&#8212;&#8212;&#8212;&#8212;&#8212;&#8212;&#8212;&#8212;&#8212;&#8212;&#8212;&#8212;&#8212;&#8212;&#8212;&#8212;&#8212;&#8212;&#8212;&#8212;<\/p>\n\n\n\n<p>Kolejny ju\u017c czwarty rejs na pok\u0142adzie s\/y Sarmata II, za mn\u0105. Nawet si\u0119 nie ogl\u0105dn\u0105\u0142em a m\u00f3j sta\u017c morski wyni\u00f3s\u0142 2500 Mm. Przemierzy\u0142em Ba\u0142tyk z po\u0142udnia na p\u00f3\u0142noc i na odwr\u00f3t 8 razy. \u017beglowali\u015bmy po nim w r\u00f3\u017cnych stanach morza od flauty po 8 w Skali Beauforta. Zakosztowa\u0142em jego spokoju i gniewu. Nie zdawa\u0142em sobie sprawy, \u017ce tak bardzo b\u0119d\u0119 za nim t\u0119skni\u0142 i czeka\u0142 na nast\u0119pne z nim spotkania. W dniach 7-25 sierpnia 2022 przep\u0142yn\u0119li\u015bmy kana\u0142y: Falsterbo, Trollh\u00e4tte i G\u00f6ta, a tak\u017ce najwi\u0119ksze w Szwecji jeziora: V\u00e4ttern oraz mniejsze Roxen.<\/p>\n\n\n\n<p>Szczeg\u00f3\u0142ow\u0105 relacj\u0119 niemal\u017ce dzie\u0144 po dniu i noc po nocy znajdziecie Pa\u0144stwo na moim profilu na FB. Pisa\u0142em je z my\u015bl\u0105 o nast\u0119pnej ksi\u0105\u017cce, kt\u00f3ra zal\u0119g\u0142a si\u0119 w mojej g\u0142owie. Serdecznie zapraszam na moje konto na FB!<\/p>\n\n\n\n<p><a href=\"https:\/\/www.facebook.com\/marek.pietrzykowski.902\">https:\/\/www.facebook.com\/marek.pietrzykowski.902<\/a><\/p>\n\n\n\n<p class=\"has-text-align-center\">  <a href=\"http:\/\/samozycieijuz.pl\/wp-content\/uploads\/2022\/09\/IMG_7634-scaled.jpg\" target=\"_blank\" rel=\"noreferrer noopener\"><img loading=\"lazy\" decoding=\"async\" width=\"150\" height=\"200\" class=\"wp-image-660\" style=\"width: 150px;\" src=\"http:\/\/samozycieijuz.pl\/wp-content\/uploads\/2022\/09\/IMG_7634-scaled.jpg\" alt=\"\" srcset=\"https:\/\/samozycieijuz.pl\/wp-content\/uploads\/2022\/09\/IMG_7634-scaled.jpg 1920w, https:\/\/samozycieijuz.pl\/wp-content\/uploads\/2022\/09\/IMG_7634-225x300.jpg 225w, https:\/\/samozycieijuz.pl\/wp-content\/uploads\/2022\/09\/IMG_7634-768x1024.jpg 768w, https:\/\/samozycieijuz.pl\/wp-content\/uploads\/2022\/09\/IMG_7634-1152x1536.jpg 1152w, https:\/\/samozycieijuz.pl\/wp-content\/uploads\/2022\/09\/IMG_7634-1536x2048.jpg 1536w\" sizes=\"auto, (max-width: 150px) 100vw, 150px\" \/><\/a><a style=\"font-size: revert; text-align: center;\" href=\"http:\/\/samozycieijuz.pl\/wp-content\/uploads\/2022\/06\/IMG_7074-scaled.jpg\" target=\"_blank\" rel=\"noreferrer noopener\"> <\/a><span style=\"font-size: revert; text-align: center;\"> <\/span><a href=\"http:\/\/samozycieijuz.pl\/wp-content\/uploads\/2022\/09\/IMG_7558-scaled.jpg\"><img loading=\"lazy\" decoding=\"async\" width=\"150\" height=\"150\" class=\"wp-image-659\" style=\"width: 150px;\" src=\"http:\/\/samozycieijuz.pl\/wp-content\/uploads\/2022\/09\/IMG_7558-scaled.jpg\" alt=\"\" srcset=\"https:\/\/samozycieijuz.pl\/wp-content\/uploads\/2022\/09\/IMG_7558-scaled.jpg 2560w, https:\/\/samozycieijuz.pl\/wp-content\/uploads\/2022\/09\/IMG_7558-300x300.jpg 300w, https:\/\/samozycieijuz.pl\/wp-content\/uploads\/2022\/09\/IMG_7558-1024x1024.jpg 1024w, https:\/\/samozycieijuz.pl\/wp-content\/uploads\/2022\/09\/IMG_7558-150x150.jpg 150w, https:\/\/samozycieijuz.pl\/wp-content\/uploads\/2022\/09\/IMG_7558-768x768.jpg 768w, https:\/\/samozycieijuz.pl\/wp-content\/uploads\/2022\/09\/IMG_7558-1536x1536.jpg 1536w, https:\/\/samozycieijuz.pl\/wp-content\/uploads\/2022\/09\/IMG_7558-2048x2048.jpg 2048w\" sizes=\"auto, (max-width: 150px) 100vw, 150px\" \/><\/a><span style=\"font-size: revert; text-align: center;\">  <\/span><a href=\"http:\/\/samozycieijuz.pl\/wp-content\/uploads\/2022\/09\/IMG_7474-scaled.jpg\" target=\"_blank\" rel=\"noreferrer noopener\"><img loading=\"lazy\" decoding=\"async\" width=\"150\" height=\"113\" class=\"wp-image-658\" style=\"width: 150px;\" src=\"http:\/\/samozycieijuz.pl\/wp-content\/uploads\/2022\/09\/IMG_7474-scaled.jpg\" alt=\"\" srcset=\"https:\/\/samozycieijuz.pl\/wp-content\/uploads\/2022\/09\/IMG_7474-scaled.jpg 2560w, https:\/\/samozycieijuz.pl\/wp-content\/uploads\/2022\/09\/IMG_7474-300x225.jpg 300w, https:\/\/samozycieijuz.pl\/wp-content\/uploads\/2022\/09\/IMG_7474-1024x768.jpg 1024w, https:\/\/samozycieijuz.pl\/wp-content\/uploads\/2022\/09\/IMG_7474-768x576.jpg 768w, https:\/\/samozycieijuz.pl\/wp-content\/uploads\/2022\/09\/IMG_7474-1536x1152.jpg 1536w, https:\/\/samozycieijuz.pl\/wp-content\/uploads\/2022\/09\/IMG_7474-2048x1536.jpg 2048w, https:\/\/samozycieijuz.pl\/wp-content\/uploads\/2022\/09\/IMG_7474-400x300.jpg 400w\" sizes=\"auto, (max-width: 150px) 100vw, 150px\" \/><\/a><\/p>\n\n\n\n<p class=\"has-text-align-center\">&#8212;&#8212;&#8212;&#8212;&#8212;&#8212;&#8212;&#8212;&#8212;&#8212;&#8212;&#8212;&#8212;&#8212;&#8212;&#8212;&#8212;&#8212;&#8212;&#8212;&#8212;&#8212;&#8212;&#8212;<\/p>\n\n\n\n<p class=\"has-text-align-center\"><\/p>\n","protected":false},"excerpt":{"rendered":"<p>informacje z \u017cycia Marka Pietrzykowskiego &#8212;&#8212;&#8212;&#8212;&#8212;&#8212;&#8212;&#8212;&#8212;&#8212;&#8212;&#8212;&#8212;&#8212;&#8212;&#8212;&#8212;&#8212;&#8212;&#8212;&#8212;&#8212;&#8212;&#8212; a tutaj post po po\u015bcie &#8211; dzie\u0144 po dniu \ud83d\ude42 29 post\u00f3w!!! (najstarszy u do\u0142u)30.08.2022r ostatni post z rejsu28.08.2022r. Niedziela &#8211; cz 328.08.2022r. Niedziela cd28.08.2022r. Niedziela25.08.2022r. Czwartek24.08.2022r. \u015aroda23.08. 2022r. Wtorek22.08.2022r. Poniedzia\u0142ek21.08.2022r. Niedziela &#8211; S\u00f6derk\u00f6ping, &hellip; <a href=\"https:\/\/samozycieijuz.pl\/?page_id=685\">Czytaj dalej <span class=\"meta-nav\">&rarr;<\/span><\/a><\/p>\n","protected":false},"author":1,"featured_media":0,"parent":0,"menu_order":0,"comment_status":"closed","ping_status":"closed","template":"","meta":{"footnotes":""},"class_list":["post-685","page","type-page","status-publish","hentry"],"yoast_head":"<!-- This site is optimized with the Yoast SEO plugin v27.3 - https:\/\/yoast.com\/product\/yoast-seo-wordpress\/ -->\n<title>Z \u017cycia autora - Samo \u017cycie i ju\u017c!<\/title>\n<meta name=\"robots\" content=\"index, follow, max-snippet:-1, max-image-preview:large, max-video-preview:-1\" \/>\n<link rel=\"canonical\" href=\"https:\/\/samozycieijuz.pl\/?page_id=685\" \/>\n<meta property=\"og:locale\" content=\"pl_PL\" \/>\n<meta property=\"og:type\" content=\"article\" \/>\n<meta property=\"og:title\" content=\"Z \u017cycia autora - Samo \u017cycie i ju\u017c!\" \/>\n<meta property=\"og:description\" content=\"informacje z \u017cycia Marka Pietrzykowskiego &#8212;&#8212;&#8212;&#8212;&#8212;&#8212;&#8212;&#8212;&#8212;&#8212;&#8212;&#8212;&#8212;&#8212;&#8212;&#8212;&#8212;&#8212;&#8212;&#8212;&#8212;&#8212;&#8212;&#8212; a tutaj post po po\u015bcie &#8211; dzie\u0144 po dniu \ud83d\ude42 29 post\u00f3w!!! (najstarszy u do\u0142u)30.08.2022r ostatni post z rejsu28.08.2022r. Niedziela &#8211; cz 328.08.2022r. Niedziela cd28.08.2022r. Niedziela25.08.2022r. Czwartek24.08.2022r. \u015aroda23.08. 2022r. Wtorek22.08.2022r. Poniedzia\u0142ek21.08.2022r. Niedziela &#8211; S\u00f6derk\u00f6ping, &hellip; Czytaj dalej &rarr;\" \/>\n<meta property=\"og:url\" content=\"https:\/\/samozycieijuz.pl\/?page_id=685\" \/>\n<meta property=\"og:site_name\" content=\"Samo \u017cycie i ju\u017c!\" \/>\n<meta property=\"article:modified_time\" content=\"2022-09-26T18:31:11+00:00\" \/>\n<meta property=\"og:image\" content=\"http:\/\/samozycieijuz.pl\/wp-content\/uploads\/2022\/09\/IMG_7634-scaled.jpg\" \/>\n<meta name=\"twitter:card\" content=\"summary_large_image\" \/>\n<meta name=\"twitter:label1\" content=\"Szacowany czas czytania\" \/>\n\t<meta name=\"twitter:data1\" content=\"3 minuty\" \/>\n<script type=\"application\/ld+json\" class=\"yoast-schema-graph\">{\"@context\":\"https:\\\/\\\/schema.org\",\"@graph\":[{\"@type\":\"WebPage\",\"@id\":\"https:\\\/\\\/samozycieijuz.pl\\\/?page_id=685\",\"url\":\"https:\\\/\\\/samozycieijuz.pl\\\/?page_id=685\",\"name\":\"Z \u017cycia autora - Samo \u017cycie i ju\u017c!\",\"isPartOf\":{\"@id\":\"https:\\\/\\\/samozycieijuz.pl\\\/#website\"},\"primaryImageOfPage\":{\"@id\":\"https:\\\/\\\/samozycieijuz.pl\\\/?page_id=685#primaryimage\"},\"image\":{\"@id\":\"https:\\\/\\\/samozycieijuz.pl\\\/?page_id=685#primaryimage\"},\"thumbnailUrl\":\"http:\\\/\\\/samozycieijuz.pl\\\/wp-content\\\/uploads\\\/2022\\\/09\\\/IMG_7634-scaled.jpg\",\"datePublished\":\"2022-09-26T16:17:59+00:00\",\"dateModified\":\"2022-09-26T18:31:11+00:00\",\"breadcrumb\":{\"@id\":\"https:\\\/\\\/samozycieijuz.pl\\\/?page_id=685#breadcrumb\"},\"inLanguage\":\"pl-PL\",\"potentialAction\":[{\"@type\":\"ReadAction\",\"target\":[\"https:\\\/\\\/samozycieijuz.pl\\\/?page_id=685\"]}]},{\"@type\":\"ImageObject\",\"inLanguage\":\"pl-PL\",\"@id\":\"https:\\\/\\\/samozycieijuz.pl\\\/?page_id=685#primaryimage\",\"url\":\"https:\\\/\\\/samozycieijuz.pl\\\/wp-content\\\/uploads\\\/2022\\\/09\\\/IMG_7634-scaled.jpg\",\"contentUrl\":\"https:\\\/\\\/samozycieijuz.pl\\\/wp-content\\\/uploads\\\/2022\\\/09\\\/IMG_7634-scaled.jpg\",\"width\":1920,\"height\":2560},{\"@type\":\"BreadcrumbList\",\"@id\":\"https:\\\/\\\/samozycieijuz.pl\\\/?page_id=685#breadcrumb\",\"itemListElement\":[{\"@type\":\"ListItem\",\"position\":1,\"name\":\"Home\",\"item\":\"https:\\\/\\\/samozycieijuz.pl\\\/\"},{\"@type\":\"ListItem\",\"position\":2,\"name\":\"Z \u017cycia autora\"}]},{\"@type\":\"WebSite\",\"@id\":\"https:\\\/\\\/samozycieijuz.pl\\\/#website\",\"url\":\"https:\\\/\\\/samozycieijuz.pl\\\/\",\"name\":\"Samo \u017cycie i ju\u017c!\",\"description\":\"Marek Pietrzykowski: przygody, podr\u00f3\u017ce...i nie tylko  \",\"potentialAction\":[{\"@type\":\"SearchAction\",\"target\":{\"@type\":\"EntryPoint\",\"urlTemplate\":\"https:\\\/\\\/samozycieijuz.pl\\\/?s={search_term_string}\"},\"query-input\":{\"@type\":\"PropertyValueSpecification\",\"valueRequired\":true,\"valueName\":\"search_term_string\"}}],\"inLanguage\":\"pl-PL\"}]}<\/script>\n<!-- \/ Yoast SEO plugin. -->","yoast_head_json":{"title":"Z \u017cycia autora - Samo \u017cycie i ju\u017c!","robots":{"index":"index","follow":"follow","max-snippet":"max-snippet:-1","max-image-preview":"max-image-preview:large","max-video-preview":"max-video-preview:-1"},"canonical":"https:\/\/samozycieijuz.pl\/?page_id=685","og_locale":"pl_PL","og_type":"article","og_title":"Z \u017cycia autora - Samo \u017cycie i ju\u017c!","og_description":"informacje z \u017cycia Marka Pietrzykowskiego &#8212;&#8212;&#8212;&#8212;&#8212;&#8212;&#8212;&#8212;&#8212;&#8212;&#8212;&#8212;&#8212;&#8212;&#8212;&#8212;&#8212;&#8212;&#8212;&#8212;&#8212;&#8212;&#8212;&#8212; a tutaj post po po\u015bcie &#8211; dzie\u0144 po dniu \ud83d\ude42 29 post\u00f3w!!! (najstarszy u do\u0142u)30.08.2022r ostatni post z rejsu28.08.2022r. Niedziela &#8211; cz 328.08.2022r. Niedziela cd28.08.2022r. Niedziela25.08.2022r. Czwartek24.08.2022r. \u015aroda23.08. 2022r. Wtorek22.08.2022r. Poniedzia\u0142ek21.08.2022r. Niedziela &#8211; S\u00f6derk\u00f6ping, &hellip; Czytaj dalej &rarr;","og_url":"https:\/\/samozycieijuz.pl\/?page_id=685","og_site_name":"Samo \u017cycie i ju\u017c!","article_modified_time":"2022-09-26T18:31:11+00:00","og_image":[{"url":"http:\/\/samozycieijuz.pl\/wp-content\/uploads\/2022\/09\/IMG_7634-scaled.jpg","type":"","width":"","height":""}],"twitter_card":"summary_large_image","twitter_misc":{"Szacowany czas czytania":"3 minuty"},"schema":{"@context":"https:\/\/schema.org","@graph":[{"@type":"WebPage","@id":"https:\/\/samozycieijuz.pl\/?page_id=685","url":"https:\/\/samozycieijuz.pl\/?page_id=685","name":"Z \u017cycia autora - Samo \u017cycie i ju\u017c!","isPartOf":{"@id":"https:\/\/samozycieijuz.pl\/#website"},"primaryImageOfPage":{"@id":"https:\/\/samozycieijuz.pl\/?page_id=685#primaryimage"},"image":{"@id":"https:\/\/samozycieijuz.pl\/?page_id=685#primaryimage"},"thumbnailUrl":"http:\/\/samozycieijuz.pl\/wp-content\/uploads\/2022\/09\/IMG_7634-scaled.jpg","datePublished":"2022-09-26T16:17:59+00:00","dateModified":"2022-09-26T18:31:11+00:00","breadcrumb":{"@id":"https:\/\/samozycieijuz.pl\/?page_id=685#breadcrumb"},"inLanguage":"pl-PL","potentialAction":[{"@type":"ReadAction","target":["https:\/\/samozycieijuz.pl\/?page_id=685"]}]},{"@type":"ImageObject","inLanguage":"pl-PL","@id":"https:\/\/samozycieijuz.pl\/?page_id=685#primaryimage","url":"https:\/\/samozycieijuz.pl\/wp-content\/uploads\/2022\/09\/IMG_7634-scaled.jpg","contentUrl":"https:\/\/samozycieijuz.pl\/wp-content\/uploads\/2022\/09\/IMG_7634-scaled.jpg","width":1920,"height":2560},{"@type":"BreadcrumbList","@id":"https:\/\/samozycieijuz.pl\/?page_id=685#breadcrumb","itemListElement":[{"@type":"ListItem","position":1,"name":"Home","item":"https:\/\/samozycieijuz.pl\/"},{"@type":"ListItem","position":2,"name":"Z \u017cycia autora"}]},{"@type":"WebSite","@id":"https:\/\/samozycieijuz.pl\/#website","url":"https:\/\/samozycieijuz.pl\/","name":"Samo \u017cycie i ju\u017c!","description":"Marek Pietrzykowski: przygody, podr\u00f3\u017ce...i nie tylko  ","potentialAction":[{"@type":"SearchAction","target":{"@type":"EntryPoint","urlTemplate":"https:\/\/samozycieijuz.pl\/?s={search_term_string}"},"query-input":{"@type":"PropertyValueSpecification","valueRequired":true,"valueName":"search_term_string"}}],"inLanguage":"pl-PL"}]}},"_links":{"self":[{"href":"https:\/\/samozycieijuz.pl\/index.php?rest_route=\/wp\/v2\/pages\/685","targetHints":{"allow":["GET"]}}],"collection":[{"href":"https:\/\/samozycieijuz.pl\/index.php?rest_route=\/wp\/v2\/pages"}],"about":[{"href":"https:\/\/samozycieijuz.pl\/index.php?rest_route=\/wp\/v2\/types\/page"}],"author":[{"embeddable":true,"href":"https:\/\/samozycieijuz.pl\/index.php?rest_route=\/wp\/v2\/users\/1"}],"replies":[{"embeddable":true,"href":"https:\/\/samozycieijuz.pl\/index.php?rest_route=%2Fwp%2Fv2%2Fcomments&post=685"}],"version-history":[{"count":4,"href":"https:\/\/samozycieijuz.pl\/index.php?rest_route=\/wp\/v2\/pages\/685\/revisions"}],"predecessor-version":[{"id":728,"href":"https:\/\/samozycieijuz.pl\/index.php?rest_route=\/wp\/v2\/pages\/685\/revisions\/728"}],"wp:attachment":[{"href":"https:\/\/samozycieijuz.pl\/index.php?rest_route=%2Fwp%2Fv2%2Fmedia&parent=685"}],"curies":[{"name":"wp","href":"https:\/\/api.w.org\/{rel}","templated":true}]}}